{"id":863,"date":"2021-01-05T14:08:28","date_gmt":"2021-01-05T11:08:28","guid":{"rendered":"http:\/\/luwi-co.com\/?page_id=863"},"modified":"2021-01-26T00:13:54","modified_gmt":"2021-01-25T21:13:54","slug":"pa","status":"publish","type":"page","link":"https:\/\/luwi-co.com\/?page_id=863","title":{"rendered":"Pazar Ara\u015ft\u0131rma"},"content":{"rendered":"\t\t<div data-elementor-type=\"wp-page\" data-elementor-id=\"863\" class=\"elementor elementor-863\">\n\t\t\t\t\t\t<div class=\"elementor-inner\">\n\t\t\t\t<div class=\"elementor-section-wrap\">\n\t\t\t\t\t\t\t\t\t<section class=\"has_eae_slider elementor-section elementor-top-section elementor-element elementor-element-41cd85c elementor-section-boxed elementor-section-height-default elementor-section-height-default\" data-id=\"41cd85c\" data-element_type=\"section\">\n\t\t\t\t\t\t<div class=\"elementor-container elementor-column-gap-default\">\n\t\t\t\t\t\t\t<div class=\"elementor-row\">\n\t\t\t\t\t<div class=\"has_eae_slider elementor-column elementor-col-100 elementor-top-column elementor-element elementor-element-5c9ecda\" data-id=\"5c9ecda\" data-element_type=\"column\">\n\t\t\t<div class=\"elementor-column-wrap elementor-element-populated\">\n\t\t\t\t\t\t\t<div class=\"elementor-widget-wrap\">\n\t\t\t\t\t\t<div class=\"elementor-element elementor-element-446b8eb elementor-widget elementor-widget-text-editor\" data-id=\"446b8eb\" data-element_type=\"widget\" data-widget_type=\"text-editor.default\">\n\t\t\t\t<div class=\"elementor-widget-container\">\n\t\t\t\t\t\t\t\t<div class=\"elementor-text-editor elementor-clearfix\">\n\t\t\t\t\t\t\t\t\t<\/div>\n\t\t\t\t\t\t<\/div>\n\t\t\t\t<\/div>\n\t\t\t\t\t\t<\/div>\n\t\t\t\t\t<\/div>\n\t\t<\/div>\n\t\t\t\t\t\t\t\t<\/div>\n\t\t\t\t\t<\/div>\n\t\t<\/section>\n\t\t\t\t<section class=\"has_eae_slider elementor-section elementor-top-section elementor-element elementor-element-b211711 elementor-section-boxed elementor-section-height-default elementor-section-height-default\" data-id=\"b211711\" data-element_type=\"section\">\n\t\t\t\t\t\t<div class=\"elementor-container elementor-column-gap-default\">\n\t\t\t\t\t\t\t<div class=\"elementor-row\">\n\t\t\t\t\t<div class=\"has_eae_slider elementor-column elementor-col-50 elementor-top-column elementor-element elementor-element-df25465\" data-id=\"df25465\" data-element_type=\"column\">\n\t\t\t<div class=\"elementor-column-wrap elementor-element-populated\">\n\t\t\t\t\t\t\t<div class=\"elementor-widget-wrap\">\n\t\t\t\t\t\t<div class=\"elementor-element elementor-element-7ff5659 elementor-widget elementor-widget-image\" data-id=\"7ff5659\" data-element_type=\"widget\" data-widget_type=\"image.default\">\n\t\t\t\t<div class=\"elementor-widget-container\">\n\t\t\t\t\t\t\t\t<div class=\"elementor-image\">\n\t\t\t\t\t\t\t\t\t\t\t\t<img decoding=\"async\" width=\"1024\" height=\"663\" src=\"https:\/\/luwi-co.com\/wp-content\/uploads\/2021\/01\/pazar-arastirmasi-1024x663.jpg\" class=\"attachment-large size-large\" alt=\"\" loading=\"lazy\" srcset=\"https:\/\/luwi-co.com\/wp-content\/uploads\/2021\/01\/pazar-arastirmasi-1024x663.jpg 1024w, https:\/\/luwi-co.com\/wp-content\/uploads\/2021\/01\/pazar-arastirmasi-300x194.jpg 300w, https:\/\/luwi-co.com\/wp-content\/uploads\/2021\/01\/pazar-arastirmasi-768x497.jpg 768w, https:\/\/luwi-co.com\/wp-content\/uploads\/2021\/01\/pazar-arastirmasi-1536x994.jpg 1536w, https:\/\/luwi-co.com\/wp-content\/uploads\/2021\/01\/pazar-arastirmasi-2048x1326.jpg 2048w, https:\/\/luwi-co.com\/wp-content\/uploads\/2021\/01\/pazar-arastirmasi-830x537.jpg 830w, https:\/\/luwi-co.com\/wp-content\/uploads\/2021\/01\/pazar-arastirmasi-230x149.jpg 230w, https:\/\/luwi-co.com\/wp-content\/uploads\/2021\/01\/pazar-arastirmasi-350x227.jpg 350w, https:\/\/luwi-co.com\/wp-content\/uploads\/2021\/01\/pazar-arastirmasi-480x311.jpg 480w\" sizes=\"(max-width: 1024px) 100vw, 1024px\" \/>\t\t\t\t\t\t\t\t\t\t\t\t\t\t<\/div>\n\t\t\t\t\t\t<\/div>\n\t\t\t\t<\/div>\n\t\t\t\t\t\t<\/div>\n\t\t\t\t\t<\/div>\n\t\t<\/div>\n\t\t\t\t<div class=\"has_eae_slider elementor-column elementor-col-50 elementor-top-column elementor-element elementor-element-f5a9eb3\" data-id=\"f5a9eb3\" data-element_type=\"column\">\n\t\t\t<div class=\"elementor-column-wrap elementor-element-populated\">\n\t\t\t\t\t\t\t<div class=\"elementor-widget-wrap\">\n\t\t\t\t\t\t<div class=\"elementor-element elementor-element-a2fd447 elementor-widget elementor-widget-text-editor\" data-id=\"a2fd447\" data-element_type=\"widget\" data-widget_type=\"text-editor.default\">\n\t\t\t\t<div class=\"elementor-widget-container\">\n\t\t\t\t\t\t\t\t<div class=\"elementor-text-editor elementor-clearfix\">\n\t\t\t\t<p><b>\u00a0<\/b><\/p><p><b>\u00a0<\/b><b style=\"background-color: transparent;\">PAZAR ARA\u015eTIRMA VE YATIRIM DANI\u015eMANLI\u011eI<\/b><\/p><p>\u0130nsanlar\u0131n, sermayenin ve uluslararas\u0131 serbest mal hareketlili\u011finin olu\u015fturdu\u011fu global piyasa g\u00fc\u00e7lerinin yer ald\u0131\u011f\u0131 bir d\u00fcnya tasvirinde yer almak \u00f6nem arz ediyor. Farkl\u0131 pazar ve sekt\u00f6rlerin sundu\u011fu f\u0131rsat ve riskler, ayr\u0131ca bu pazar ve co\u011frafyalardaki yat\u0131r\u0131m planlar\u0131n\u0131n analizi, y\u00f6ntem ve s\u00fcre\u00e7lerinin belirlenmesi gibi geni\u015f bir perspektifte en verimli \u00e7\u00f6z\u00fcmlere odaklanan Luwi Dan\u0131\u015fmanl\u0131k, uluslararas\u0131 \u015firketlerin y\u00f6netim kademelerinde yer alm\u0131\u015f ekip \u00fcyeleriyle, g\u00fcvenilir bir dan\u0131\u015fmanl\u0131k yakla\u015f\u0131m\u0131 sa\u011fl\u0131yor. \u00a0<\/p><p>\u00a0<\/p>\t\t\t\t\t<\/div>\n\t\t\t\t\t\t<\/div>\n\t\t\t\t<\/div>\n\t\t\t\t\t\t<\/div>\n\t\t\t\t\t<\/div>\n\t\t<\/div>\n\t\t\t\t\t\t\t\t<\/div>\n\t\t\t\t\t<\/div>\n\t\t<\/section>\n\t\t\t\t\t\t\t\t\t<\/div>\n\t\t\t<\/div>\n\t\t\t\t\t<\/div>\n\t\t","protected":false},"excerpt":{"rendered":"<p>\u00a0 \u00a0PAZAR ARA\u015eTIRMA VE YATIRIM DANI\u015eMANLI\u011eI \u0130nsanlar\u0131n, sermayenin ve uluslararas\u0131 serbest mal hareketlili\u011finin olu\u015fturdu\u011fu global piyasa g\u00fc\u00e7lerinin yer ald\u0131\u011f\u0131 bir d\u00fcnya tasvirinde yer almak \u00f6nem arz ediyor. Farkl\u0131 pazar ve sekt\u00f6rlerin sundu\u011fu f\u0131rsat ve riskler, ayr\u0131ca bu pazar ve co\u011frafyalardaki yat\u0131r\u0131m planlar\u0131n\u0131n analizi, y\u00f6ntem ve s\u00fcre\u00e7lerinin belirlenmesi gibi geni\u015f bir perspektifte en verimli \u00e7\u00f6z\u00fcmlere odaklanan [&hellip;]<\/p>\n","protected":false},"author":1,"featured_media":0,"parent":0,"menu_order":0,"comment_status":"closed","ping_status":"closed","template":"page-templates\/page_front-page.php","meta":[],"_links":{"self":[{"href":"https:\/\/luwi-co.com\/index.php?rest_route=\/wp\/v2\/pages\/863"}],"collection":[{"href":"https:\/\/luwi-co.com\/index.php?rest_route=\/wp\/v2\/pages"}],"about":[{"href":"https:\/\/luwi-co.com\/index.php?rest_route=\/wp\/v2\/types\/page"}],"author":[{"embeddable":true,"href":"https:\/\/luwi-co.com\/index.php?rest_route=\/wp\/v2\/users\/1"}],"replies":[{"embeddable":true,"href":"https:\/\/luwi-co.com\/index.php?rest_route=%2Fwp%2Fv2%2Fcomments&post=863"}],"version-history":[{"count":46,"href":"https:\/\/luwi-co.com\/index.php?rest_route=\/wp\/v2\/pages\/863\/revisions"}],"predecessor-version":[{"id":2102,"href":"https:\/\/luwi-co.com\/index.php?rest_route=\/wp\/v2\/pages\/863\/revisions\/2102"}],"wp:attachment":[{"href":"https:\/\/luwi-co.com\/index.php?rest_route=%2Fwp%2Fv2%2Fmedia&parent=863"}],"curies":[{"name":"wp","href":"https:\/\/api.w.org\/{rel}","templated":true}]}}