{"id":2527,"date":"2021-05-16T16:04:39","date_gmt":"2021-05-16T13:04:39","guid":{"rendered":"https:\/\/luwi-co.com\/?page_id=2527"},"modified":"2021-05-21T18:13:51","modified_gmt":"2021-05-21T15:13:51","slug":"yangin-risk-analizi-projelendirme","status":"publish","type":"page","link":"https:\/\/luwi-co.com\/?page_id=2527","title":{"rendered":"Yang\u0131n Risk Analizi \/ Projelendirme"},"content":{"rendered":"\t\t<div data-elementor-type=\"wp-page\" data-elementor-id=\"2527\" class=\"elementor elementor-2527\">\n\t\t\t\t\t\t<div class=\"elementor-inner\">\n\t\t\t\t<div class=\"elementor-section-wrap\">\n\t\t\t\t\t\t\t\t\t<section class=\"has_eae_slider elementor-section elementor-top-section elementor-element elementor-element-b624f8d elementor-section-boxed elementor-section-height-default elementor-section-height-default\" data-id=\"b624f8d\" data-element_type=\"section\">\n\t\t\t\t\t\t<div class=\"elementor-container elementor-column-gap-default\">\n\t\t\t\t\t\t\t<div class=\"elementor-row\">\n\t\t\t\t\t<div class=\"has_eae_slider elementor-column elementor-col-50 elementor-top-column elementor-element elementor-element-ac42990\" data-id=\"ac42990\" data-element_type=\"column\">\n\t\t\t<div class=\"elementor-column-wrap elementor-element-populated\">\n\t\t\t\t\t\t\t<div class=\"elementor-widget-wrap\">\n\t\t\t\t\t\t<div class=\"elementor-element elementor-element-d070b76 elementor-widget elementor-widget-image\" data-id=\"d070b76\" data-element_type=\"widget\" data-widget_type=\"image.default\">\n\t\t\t\t<div class=\"elementor-widget-container\">\n\t\t\t\t\t\t\t\t<div class=\"elementor-image\">\n\t\t\t\t\t\t\t\t\t\t\t\t<img decoding=\"async\" width=\"1024\" height=\"532\" src=\"https:\/\/luwi-co.com\/wp-content\/uploads\/2021\/05\/gazli-sondurme-sistemi-1-1024x532-1.jpg\" class=\"attachment-2048x2048 size-2048x2048\" alt=\"\" loading=\"lazy\" srcset=\"https:\/\/luwi-co.com\/wp-content\/uploads\/2021\/05\/gazli-sondurme-sistemi-1-1024x532-1.jpg 1024w, https:\/\/luwi-co.com\/wp-content\/uploads\/2021\/05\/gazli-sondurme-sistemi-1-1024x532-1-300x156.jpg 300w, https:\/\/luwi-co.com\/wp-content\/uploads\/2021\/05\/gazli-sondurme-sistemi-1-1024x532-1-768x399.jpg 768w, https:\/\/luwi-co.com\/wp-content\/uploads\/2021\/05\/gazli-sondurme-sistemi-1-1024x532-1-830x431.jpg 830w, https:\/\/luwi-co.com\/wp-content\/uploads\/2021\/05\/gazli-sondurme-sistemi-1-1024x532-1-230x119.jpg 230w, https:\/\/luwi-co.com\/wp-content\/uploads\/2021\/05\/gazli-sondurme-sistemi-1-1024x532-1-350x182.jpg 350w, https:\/\/luwi-co.com\/wp-content\/uploads\/2021\/05\/gazli-sondurme-sistemi-1-1024x532-1-480x249.jpg 480w\" sizes=\"(max-width: 1024px) 100vw, 1024px\" \/>\t\t\t\t\t\t\t\t\t\t\t\t\t\t<\/div>\n\t\t\t\t\t\t<\/div>\n\t\t\t\t<\/div>\n\t\t\t\t\t\t<\/div>\n\t\t\t\t\t<\/div>\n\t\t<\/div>\n\t\t\t\t<div class=\"has_eae_slider elementor-column elementor-col-50 elementor-top-column elementor-element elementor-element-0d3b222\" data-id=\"0d3b222\" data-element_type=\"column\">\n\t\t\t<div class=\"elementor-column-wrap elementor-element-populated\">\n\t\t\t\t\t\t\t<div class=\"elementor-widget-wrap\">\n\t\t\t\t\t\t<div class=\"elementor-element elementor-element-b62e63f elementor-widget elementor-widget-text-editor\" data-id=\"b62e63f\" data-element_type=\"widget\" data-widget_type=\"text-editor.default\">\n\t\t\t\t<div class=\"elementor-widget-container\">\n\t\t\t\t\t\t\t\t<div class=\"elementor-text-editor elementor-clearfix\">\n\t\t\t\t<p><strong>YANGIN R\u0130SK ANAL\u0130Z\u0130 \/ PROJELEND\u0130RME\u00a0<\/strong><\/p><p>Luwi Dan\u0131\u015fmanl\u0131k, mimarl\u0131k ofisleri ve mimarlar i\u00e7in Avan proje a\u015famas\u0131ndan isk\u00e2n-ruhsata kadar yerinde ya da proje \u00fczerinden, &#8220;Binalar\u0131n Yang\u0131ndan Korunmas\u0131 Hakk\u0131nda\u00a0Y\u00f6netmelik&#8221;, &#8220;Uluslararas\u0131 Standart ve Kodlara Uygunlu\u011fu&#8221; konusunda\u00a0dan\u0131\u015fmanl\u0131k hizmeti veriyor.\u00a0<br \/>Bu kapsamda Luwi Dan\u0131\u015fmanl\u0131k, \u0130tfaiye Uygunluk Belgesi\u00a0(\u0130tfaiye raporu) al\u0131m\u0131n\u0131 sa\u011fl\u0131yor;\u00a0\u0130SG ve\u00a0OSGB\u00a0ba\u015fta olmak \u00fczere t\u00fcm firmalar i\u00e7in\u00a0Acil Durum Tahliye Planlar\u0131n\u0131n olu\u015fturulmas\u0131na destek oluyor.\u00a0Luwi Dan\u0131\u015fmanl\u0131k, m\u00fchendislik firmalar\u0131 i\u00e7in\u00a0yang\u0131n sistemleri tasar\u0131m kriter raporunun yan\u0131 s\u0131ra sigorta firmalar\u0131 i\u00e7in de\u00a0yang\u0131n risk analizi\u00a0haz\u0131rl\u0131yor.\u00a0<\/p><p><strong>Nas\u0131l \u00e7al\u0131\u015f\u0131yoruz?\u00a0<\/strong><\/p><p>Luwi Dan\u0131\u015fmanl\u0131k;<\/p><ul><li>Projenizin mimari, mekanik ve elektriksel a\u00e7\u0131dan y\u00f6netmeli\u011fe uygunlu\u011funun kontrol\u00fcn\u00fc yap\u0131yor.<\/li><li>Projeye d\u00e2hil olmadan \u00f6nce \u00fcretilmi\u015f \u00e7\u00f6z\u00fcmler varsa bunlara ayn\u0131 g\u00fcvenlik seviyesinde farkl\u0131 ekonomik alternatifler \u00fcretiyor.<\/li><li>\u0130lgili mimari ve mekanik ekiplere gerekli tarifleri yap\u0131yor.\u00a0<\/li><li>Gereklilikler yerine getirildikten sonra dilerseniz ilgili kamu kurumunda i\u015flemlerinizi y\u00fcr\u00fct\u00fcyor.<\/li><\/ul>\t\t\t\t\t<\/div>\n\t\t\t\t\t\t<\/div>\n\t\t\t\t<\/div>\n\t\t\t\t\t\t<\/div>\n\t\t\t\t\t<\/div>\n\t\t<\/div>\n\t\t\t\t\t\t\t\t<\/div>\n\t\t\t\t\t<\/div>\n\t\t<\/section>\n\t\t\t\t\t\t\t\t\t<\/div>\n\t\t\t<\/div>\n\t\t\t\t\t<\/div>\n\t\t","protected":false},"excerpt":{"rendered":"<p>YANGIN R\u0130SK ANAL\u0130Z\u0130 \/ PROJELEND\u0130RME\u00a0 Luwi Dan\u0131\u015fmanl\u0131k, mimarl\u0131k ofisleri ve mimarlar i\u00e7in Avan proje a\u015famas\u0131ndan isk\u00e2n-ruhsata kadar yerinde ya da proje \u00fczerinden, &#8220;Binalar\u0131n Yang\u0131ndan Korunmas\u0131 Hakk\u0131nda\u00a0Y\u00f6netmelik&#8221;, &#8220;Uluslararas\u0131 Standart ve Kodlara Uygunlu\u011fu&#8221; konusunda\u00a0dan\u0131\u015fmanl\u0131k hizmeti veriyor.\u00a0Bu kapsamda Luwi Dan\u0131\u015fmanl\u0131k, \u0130tfaiye Uygunluk Belgesi\u00a0(\u0130tfaiye raporu) al\u0131m\u0131n\u0131 sa\u011fl\u0131yor;\u00a0\u0130SG ve\u00a0OSGB\u00a0ba\u015fta olmak \u00fczere t\u00fcm firmalar i\u00e7in\u00a0Acil Durum Tahliye Planlar\u0131n\u0131n olu\u015fturulmas\u0131na destek oluyor.\u00a0Luwi [&hellip;]<\/p>\n","protected":false},"author":1,"featured_media":0,"parent":0,"menu_order":0,"comment_status":"closed","ping_status":"closed","template":"elementor_header_footer","meta":[],"_links":{"self":[{"href":"https:\/\/luwi-co.com\/index.php?rest_route=\/wp\/v2\/pages\/2527"}],"collection":[{"href":"https:\/\/luwi-co.com\/index.php?rest_route=\/wp\/v2\/pages"}],"about":[{"href":"https:\/\/luwi-co.com\/index.php?rest_route=\/wp\/v2\/types\/page"}],"author":[{"embeddable":true,"href":"https:\/\/luwi-co.com\/index.php?rest_route=\/wp\/v2\/users\/1"}],"replies":[{"embeddable":true,"href":"https:\/\/luwi-co.com\/index.php?rest_route=%2Fwp%2Fv2%2Fcomments&post=2527"}],"version-history":[{"count":7,"href":"https:\/\/luwi-co.com\/index.php?rest_route=\/wp\/v2\/pages\/2527\/revisions"}],"predecessor-version":[{"id":2546,"href":"https:\/\/luwi-co.com\/index.php?rest_route=\/wp\/v2\/pages\/2527\/revisions\/2546"}],"wp:attachment":[{"href":"https:\/\/luwi-co.com\/index.php?rest_route=%2Fwp%2Fv2%2Fmedia&parent=2527"}],"curies":[{"name":"wp","href":"https:\/\/api.w.org\/{rel}","templated":true}]}}