{"id":1526,"date":"2021-01-19T15:44:34","date_gmt":"2021-01-19T12:44:34","guid":{"rendered":"http:\/\/luwi-co.com\/?page_id=1526"},"modified":"2021-03-16T15:09:37","modified_gmt":"2021-03-16T12:09:37","slug":"skt","status":"publish","type":"page","link":"https:\/\/luwi-co.com\/?page_id=1526","title":{"rendered":"Sa\u011fl\u0131kta Kalite"},"content":{"rendered":"\t\t<div data-elementor-type=\"wp-page\" data-elementor-id=\"1526\" class=\"elementor elementor-1526\">\n\t\t\t\t\t\t<div class=\"elementor-inner\">\n\t\t\t\t<div class=\"elementor-section-wrap\">\n\t\t\t\t\t\t\t\t\t<section class=\"has_eae_slider elementor-section elementor-top-section elementor-element elementor-element-73dc856 elementor-section-boxed elementor-section-height-default elementor-section-height-default\" data-id=\"73dc856\" data-element_type=\"section\">\n\t\t\t\t\t\t<div class=\"elementor-container elementor-column-gap-default\">\n\t\t\t\t\t\t\t<div class=\"elementor-row\">\n\t\t\t\t\t<div class=\"has_eae_slider elementor-column elementor-col-100 elementor-top-column elementor-element elementor-element-51f4188\" data-id=\"51f4188\" data-element_type=\"column\">\n\t\t\t<div class=\"elementor-column-wrap elementor-element-populated\">\n\t\t\t\t\t\t\t<div class=\"elementor-widget-wrap\">\n\t\t\t\t\t\t<div class=\"elementor-element elementor-element-5eaada3 elementor-widget elementor-widget-text-editor\" data-id=\"5eaada3\" data-element_type=\"widget\" data-widget_type=\"text-editor.default\">\n\t\t\t\t<div class=\"elementor-widget-container\">\n\t\t\t\t\t\t\t\t<div class=\"elementor-text-editor elementor-clearfix\">\n\t\t\t\t\t\t\t\t\t<\/div>\n\t\t\t\t\t\t<\/div>\n\t\t\t\t<\/div>\n\t\t\t\t\t\t<\/div>\n\t\t\t\t\t<\/div>\n\t\t<\/div>\n\t\t\t\t\t\t\t\t<\/div>\n\t\t\t\t\t<\/div>\n\t\t<\/section>\n\t\t\t\t<section class=\"has_eae_slider elementor-section elementor-top-section elementor-element elementor-element-d1569e5 elementor-section-boxed elementor-section-height-default elementor-section-height-default\" data-id=\"d1569e5\" data-element_type=\"section\">\n\t\t\t\t\t\t<div class=\"elementor-container elementor-column-gap-default\">\n\t\t\t\t\t\t\t<div class=\"elementor-row\">\n\t\t\t\t\t<div class=\"has_eae_slider elementor-column elementor-col-50 elementor-top-column elementor-element elementor-element-cbf7af1\" data-id=\"cbf7af1\" data-element_type=\"column\">\n\t\t\t<div class=\"elementor-column-wrap elementor-element-populated\">\n\t\t\t\t\t\t\t<div class=\"elementor-widget-wrap\">\n\t\t\t\t\t\t<div class=\"elementor-element elementor-element-7428859 elementor-widget elementor-widget-image\" data-id=\"7428859\" data-element_type=\"widget\" data-widget_type=\"image.default\">\n\t\t\t\t<div class=\"elementor-widget-container\">\n\t\t\t\t\t\t\t\t<div class=\"elementor-image\">\n\t\t\t\t\t\t\t\t\t\t\t\t<img decoding=\"async\" width=\"1024\" height=\"576\" src=\"https:\/\/luwi-co.com\/wp-content\/uploads\/2021\/01\/saglikkalite-3-1024x576.png\" class=\"attachment-large size-large\" alt=\"\" loading=\"lazy\" srcset=\"https:\/\/luwi-co.com\/wp-content\/uploads\/2021\/01\/saglikkalite-3-1024x576.png 1024w, https:\/\/luwi-co.com\/wp-content\/uploads\/2021\/01\/saglikkalite-3-300x169.png 300w, https:\/\/luwi-co.com\/wp-content\/uploads\/2021\/01\/saglikkalite-3-768x432.png 768w, https:\/\/luwi-co.com\/wp-content\/uploads\/2021\/01\/saglikkalite-3-1536x864.png 1536w\" sizes=\"(max-width: 1024px) 100vw, 1024px\" \/>\t\t\t\t\t\t\t\t\t\t\t\t\t\t<\/div>\n\t\t\t\t\t\t<\/div>\n\t\t\t\t<\/div>\n\t\t\t\t\t\t<\/div>\n\t\t\t\t\t<\/div>\n\t\t<\/div>\n\t\t\t\t<div class=\"has_eae_slider elementor-column elementor-col-50 elementor-top-column elementor-element elementor-element-0b3f108\" data-id=\"0b3f108\" data-element_type=\"column\">\n\t\t\t<div class=\"elementor-column-wrap elementor-element-populated\">\n\t\t\t\t\t\t\t<div class=\"elementor-widget-wrap\">\n\t\t\t\t\t\t<div class=\"elementor-element elementor-element-88cdfff elementor-widget elementor-widget-text-editor\" data-id=\"88cdfff\" data-element_type=\"widget\" data-widget_type=\"text-editor.default\">\n\t\t\t\t<div class=\"elementor-widget-container\">\n\t\t\t\t\t\t\t\t<div class=\"elementor-text-editor elementor-clearfix\">\n\t\t\t\t<p><span style=\"font-weight: bold;\">SA\u011eLIKTA KAL\u0130TE<\/span><\/p><p>Kalite y\u00f6netimi, sa\u011fl\u0131k sisteminin \u00f6nemli bir bile\u015feni olup kalite y\u00f6netim modeli, kalite planlama, kalite kontrol, kalite iyile\u015ftirme s\u00fcre\u00e7lerinden olu\u015fuyor. G\u00fcn\u00fcm\u00fczde hasta ve organizasyonel yap\u0131 odakl\u0131 kalite sistemi geli\u015ftirildi ve bu sistemler arac\u0131l\u0131\u011f\u0131yla sa\u011fl\u0131k kurulu\u015flar\u0131n\u0131n performanslar\u0131n\u0131n de\u011ferlendirilmesine y\u00f6nelik \u00e7al\u0131\u015fmalar ba\u015flad\u0131.<\/p><p>K\u00fcresel sa\u011fl\u0131k sekt\u00f6r\u00fcnde kalite iyile\u015ftirme ortakl\u0131\u011f\u0131 metoduna ili\u015fkin Luwi Dan\u0131\u015fmanl\u0131k, uzman kadrolar\u0131yla kalitenin yarat\u0131lmas\u0131, ya\u015fat\u0131lmas\u0131 ve geli\u015ftirilmesi amac\u0131yla m\u00fc\u015fterileriyle e\u015fg\u00fcd\u00fcml\u00fc profesyonel bir hizmet veriyor.<\/p><p><span style=\"background-color: transparent; text-indent: -18pt; font-family: Symbol;\">\u00b7<span style=\"font-variant-numeric: normal; font-variant-east-asian: normal; font-stretch: normal; font-size: 7pt; line-height: normal; font-family: 'Times New Roman';\"> \u00a0\u00a0\u00a0\u00a0\u00a0\u00a0\u00a0\u00a0<\/span><\/span><span style=\"background-color: transparent; text-indent: -18pt;\">Sa\u011fl\u0131kta Kalite Standartlar\u0131 (SKS)<\/span><span style=\"background-color: transparent; text-indent: -18pt;\"><br \/><\/span><span style=\"background-color: transparent; text-indent: -18pt; font-family: Symbol;\">\u00b7<span style=\"font-variant-numeric: normal; font-variant-east-asian: normal; font-stretch: normal; font-size: 7pt; line-height: normal; font-family: 'Times New Roman';\">\u00a0\u00a0\u00a0\u00a0\u00a0\u00a0\u00a0\u00a0\u00a0<\/span><\/span><span style=\"background-color: transparent; text-indent: -18pt;\">Kalite Y\u00f6netim Sistemi (KYS)<\/span><\/p>\t\t\t\t\t<\/div>\n\t\t\t\t\t\t<\/div>\n\t\t\t\t<\/div>\n\t\t\t\t\t\t<\/div>\n\t\t\t\t\t<\/div>\n\t\t<\/div>\n\t\t\t\t\t\t\t\t<\/div>\n\t\t\t\t\t<\/div>\n\t\t<\/section>\n\t\t\t\t\t\t\t\t\t<\/div>\n\t\t\t<\/div>\n\t\t\t\t\t<\/div>\n\t\t","protected":false},"excerpt":{"rendered":"<p>SA\u011eLIKTA KAL\u0130TE Kalite y\u00f6netimi, sa\u011fl\u0131k sisteminin \u00f6nemli bir bile\u015feni olup kalite y\u00f6netim modeli, kalite planlama, kalite kontrol, kalite iyile\u015ftirme s\u00fcre\u00e7lerinden olu\u015fuyor. G\u00fcn\u00fcm\u00fczde hasta ve organizasyonel yap\u0131 odakl\u0131 kalite sistemi geli\u015ftirildi ve bu sistemler arac\u0131l\u0131\u011f\u0131yla sa\u011fl\u0131k kurulu\u015flar\u0131n\u0131n performanslar\u0131n\u0131n de\u011ferlendirilmesine y\u00f6nelik \u00e7al\u0131\u015fmalar ba\u015flad\u0131. K\u00fcresel sa\u011fl\u0131k sekt\u00f6r\u00fcnde kalite iyile\u015ftirme ortakl\u0131\u011f\u0131 metoduna ili\u015fkin Luwi Dan\u0131\u015fmanl\u0131k, uzman kadrolar\u0131yla kalitenin yarat\u0131lmas\u0131, [&hellip;]<\/p>\n","protected":false},"author":1,"featured_media":0,"parent":0,"menu_order":0,"comment_status":"closed","ping_status":"closed","template":"page-templates\/page_front-page.php","meta":[],"_links":{"self":[{"href":"https:\/\/luwi-co.com\/index.php?rest_route=\/wp\/v2\/pages\/1526"}],"collection":[{"href":"https:\/\/luwi-co.com\/index.php?rest_route=\/wp\/v2\/pages"}],"about":[{"href":"https:\/\/luwi-co.com\/index.php?rest_route=\/wp\/v2\/types\/page"}],"author":[{"embeddable":true,"href":"https:\/\/luwi-co.com\/index.php?rest_route=\/wp\/v2\/users\/1"}],"replies":[{"embeddable":true,"href":"https:\/\/luwi-co.com\/index.php?rest_route=%2Fwp%2Fv2%2Fcomments&post=1526"}],"version-history":[{"count":37,"href":"https:\/\/luwi-co.com\/index.php?rest_route=\/wp\/v2\/pages\/1526\/revisions"}],"predecessor-version":[{"id":2504,"href":"https:\/\/luwi-co.com\/index.php?rest_route=\/wp\/v2\/pages\/1526\/revisions\/2504"}],"wp:attachment":[{"href":"https:\/\/luwi-co.com\/index.php?rest_route=%2Fwp%2Fv2%2Fmedia&parent=1526"}],"curies":[{"name":"wp","href":"https:\/\/api.w.org\/{rel}","templated":true}]}}